2
Suppose 0 = d + 4*d - 20, -4*g - d + 4 = 0. Suppose 14 = -c - 4*f, -4*c + 4*f = -g*f + 16. What are the prime factors of (5/(-2))/(1/c)?
3, 5
Suppose 380*c - 371*c = 35361. List the prime factors of c.
3929
Let p be (-8 - 1)/((-6)/(-4)). Let x be (p/(-9))/((-2)/15). List the prime factors of (-94)/(-6) + x/(-15).
2
Let n = 2247 + -1081. What are the prime factors of n?
2, 11, 53
Let m(y) = 14*y - 10. Let d be (-4 + 0/5)*-1. List the prime factors of m(d).
2, 23
Let q = 78 + -37. Suppose -9*r + q = -22. List the prime factors of r.
7
Let r = 283 - 148. Suppose 4*s + q - r = 329, -2*q = s - 116. What are the prime factors of s?
2, 29
Let z = -1655 + 2506. What are the prime factors of z?
23, 37
Suppose 2*r = -2*z + 82, 0*z + 12 = 4*z. Let l = r + 42. What are the prime factors of l?
2, 5
Suppose -3*c = -4*c + 44. Suppose -2*j - c = -u + 77, 2*u - 3*j = 244. What are the prime factors of u?
5
Let l be 0 - -3 - 255/5. Let p = -21 + 26. List the prime factors of (p/(-3))/(2/l).
2, 5
Suppose -246 - 104 = 2*j. Let r = j + 248. What are the prime factors of r?
73
Let a(s) = -3*s + 45*s**2 - 8*s + 9*s + 0*s - 1. What are the prime factors of a(-1)?
2, 23
Suppose -8 = -4*b, -4*g + 126 = -b + 4*b. Let a = 407 - 353. Let h = a - g. List the prime factors of h.
2, 3
Let q = -162 - -330. Let a = q + -22. List the prime factors of a.
2, 73
Suppose -24*d = -29*d + 1625. List the prime factors of d.
5, 13
Let v(p) = -4*p**3 - 2*p**2 + 4. Let z be v(-3). Let m = 110 + z. What are the prime factors of m?
2, 3, 17
Let h(q) = 4*q**2 - q. Let v be h(-1). Suppose -340 = g - v*g. Suppose -i + 4*k + 22 = 0, -5*k = -i + 6*i - g. What are the prime factors of i?
2, 3
Suppose 6*k = -7*k + 2782. What are the prime factors of k?
2, 107
Let l(o) = 6*o - 28. Let k be l(7). List the prime factors of (-25)/175 + 4412/k.
3, 5, 7
Suppose 2*c + q = 428 + 526, -5*c = -q - 2385. List the prime factors of c.
3, 53
Let l(x) = 84*x**2 + 11*x - 2. List the prime factors of l(-7).
11, 367
Suppose 14 = 3*u - 5*k, 3*u - 4*k = -2*k + 11. Let c(y) = 3 + y - u + y + 2. What are the prime factors of c(0)?
2
Let y(j) = -58 + 29 + j**2 - 9*j + 29. Let q be y(9). Suppose -3*z + 105 = -q*z. List the prime factors of z.
5, 7
Let f = -466 + 282. Let q be f/6 - 1/3. Let u = 58 + q. What are the prime factors of u?
3
Let b(z) = z - 3. Let w be b(6). Suppose w*c - 4*n = 0, 0 = -c - 2*n + n + 7. Suppose -c*y + 19 = -21. List the prime factors of y.
2, 5
Let j(k) = 212*k - 197. List the prime factors of j(9).
29, 59
Suppose 0 = -449*h + 456*h - 19180. What are the prime factors of h?
2, 5, 137
Suppose 6 = -3*h, 4*x - 3*x - h = 2. Suppose 2*l - 137 + 45 = x. What are the prime factors of l?
2, 23
Let s(y) = -y**2 + y - 1. Let i(h) = h**2 - 13*h - 4. Let o(p) = -i(p) - 4*s(p). What are the prime factors of o(-6)?
2, 31
Let y(k) be the second derivative of k**4/6 - k**2/2 + 8*k. Let s be y(4). Suppose 3*d - 205 = -s. What are the prime factors of d?
2, 29
List the prime factors of ((-63)/42)/(5/(-17290)).
3, 7, 13, 19
Let j(i) = -3*i**2 - i + 4. Let t be j(2). Let w = t + 95. What are the prime factors of w?
5, 17
Suppose -4*x + 0*w = 3*w - 116, -5*x + 3*w + 172 = 0. List the prime factors of x.
2
Let f(o) = -140*o - 3. List the prime factors of f(-4).
557
Let k(m) = m**3 - 4*m**2 - m + 4. Let c be k(4). Suppose c = -5*n + 150 + 335. List the prime factors of n.
97
Let t = -85 - -81. What are the prime factors of 25 + (t - -1) - -4 - 0?
2, 13
Suppose 2*s = -h + 258, 774 = 8*h - 5*h - 5*s. What are the prime factors of h?
2, 3, 43
Let b = 3 + -12. Let h = 15 + b. Suppose -2*t = -h*u + 2*u - 40, 4*t - 4*u - 80 = 0. What are the prime factors of t?
2, 5
Let y(t) = -10*t - 28. Let m be y(-8). Let o = -24 + m. List the prime factors of o.
2, 7
Let q = -2821 - -5716. List the prime factors of q.
3, 5, 193
Suppose 0 = o + 3*k - 780, 3*o = -o - 4*k + 3152. Suppose 4*g - o + 268 = 0. List the prime factors of g.
131
Suppose 0*s = -4*s + 576. Let g = s + -78. Suppose 4*q + 2*m = g, -3*q + 37 = 2*m - 15. What are the prime factors of q?
2, 7
Let s(t) be the third derivative of t**6/120 + t**4/6 + 17*t**3/2 - 6*t**2. What are the prime factors of s(0)?
3, 17
Suppose -2012 = -5*n + 668. List the prime factors of n.
2, 67
Let o(l) = 20*l**3 + 2*l**2 - 3*l + 1. Let r be o(2). Suppose d + 9 = r. Suppose -4*n = -d - 126. List the prime factors of n.
2, 5, 7
Let x(r) = -r**3 - 2*r**2 + 4. Let h be x(-2). Suppose t = h*t - 75. Let s = t + -10. What are the prime factors of s?
3, 5
Suppose -s - 5*w + 576 = 0, -3*s + 2367 = -4*w + 544. List the prime factors of s.
601
Let q = 8 - 4. Suppose -4*r = n + n - 230, -q*r + 236 = -4*n. Suppose -10*f + r = -9*f. What are the prime factors of f?
2, 29
Let h(c) = -c**3 - 16*c**2 - 32*c - 13. Let u be h(-13). Let l = 266 + u. What are the prime factors of l?
2, 3
Suppose 0 = -6*l + 3*l + 675. Suppose -h + 6*h - 5*n = -l, -5*h - 2*n - 225 = 0. Let q = 72 + h. List the prime factors of q.
3
Let y = 1 + 3. Suppose -a + 305 = y*a. What are the prime factors of a?
61
Let o(h) = h**3 + 4*h**2 - 2*h - 4. Let q be o(-3). Let x(f) = -7*f**2 - 8 + 14*f**2 + q*f - 8*f**2. What are the prime factors of x(7)?
2, 5
Let c(x) = 16*x**2 - 5. Let u be c(8). Suppose 5*r + 2*y - u = 3*y, -2*y = 5*r - 1022. List the prime factors of r.
2, 3, 17
Let j(z) = 30*z**2 - 15*z + 40. What are the prime factors of j(4)?
2, 5, 23
Let a be (-5)/(-1) - (-1 + 1). Suppose 2*y + 3*t + t + 6 = 0, -a*t - 25 = 0. Suppose -r = 2*j - y, -6 = -4*r + j + 13. List the prime factors of r.
5
Suppose -110 = -d + q + 2*q, 0 = 5*d - 5*q - 580. Let u = 67 - d. Let r = -21 - u. What are the prime factors of r?
31
What are the prime factors of ((-27243)/(-18))/((-9)/(-12))?
2, 1009
Suppose -4*v + 20 = 0, -2*t - t = 5*v + 17. What are the prime factors of 9/6 - 2737/t?
197
List the prime factors of -203*((-3)/1 - -2).
7, 29
What are the prime factors of (-364)/(-21)*(51 - -3)?
2, 3, 13
Let i = 2587 + -937. What are the prime factors of i?
2, 3, 5, 11
Let z be 5/(-10)*(-7 - 3). Suppose -5*h + z*c = -225, -4*h - c = -0*h - 175. What are the prime factors of h?
2, 11
Suppose -233 = -10*c + 11*c. Let q = -156 - c. What are the prime factors of q?
7, 11
Let h(c) = 54*c - 17. What are the prime factors of h(5)?
11, 23
Let j be 2/3*-6 + 64. Suppose -3*l + 96 + j = 0. List the prime factors of l.
2, 13
Let h = 4005 + -1284. List the prime factors of h.
3, 907
Let f = 1693 - 1137. Suppose -181 = 3*r - f. What are the prime factors of r?
5
Let v(j) = -3*j - 3 + 2*j - 3*j. Let d(h) = -5*h - 4. Let q(s) = -2*d(s) + 3*v(s). What are the prime factors of q(-5)?
3
Suppose 9*s - 4*s = -30. Let r = s + 26. What are the prime factors of (r/8 - 3)*-86?
43
Let y(s) = 3*s**3 + 2*s**2 + 23*s - 6. What are the prime factors of y(7)?
2, 641
Suppose 0 = -3*a + 1151 - 104. List the prime factors of a.
349
Let c(m) = 8*m**2 - 6*m + 7. Let w(n) = n + 6. Let y be w(-3). What are the prime factors of c(y)?
61
Suppose -19*k = -25241 + 1396. What are the prime factors of k?
5, 251
Let w = 165 - 93. Suppose -41*g = -39*g - w. What are the prime factors of g?
2, 3
Suppose 3777 = -12*v + 18741. List the prime factors of v.
29, 43
Let s = 2222 - 1530. List the prime factors of s.
2, 173
Let r be 2/16*4*140. Suppose -2*t + r = 3*t. What are the prime factors of 6/21 - (-66)/t?
5
Let g(a) = 248*a**2 + 18*a + 32. What are the prime factors of g(-3)?
2, 5, 13, 17
Let r be (-90)/30*(-58)/3. Suppose 29*q - r = 27*q. What are the prime factors of q?
29
Suppose -3*u + 4 = 2*p, -5*p + 4*u - u = -10. Suppose -5*m - 79 - 277 = -4*v, 4*m - 178 = -p*v. What are the prime factors of v?
89
What are the prime factors of (-3)/(9/1852)*(-36)/24?
2, 463
Suppose 4*u = -12*u - 5968. Let r = u - -612. List the prime factors of r.
239
Suppose -4*q + 3*h = -5, 0*q + 3*q - 20 = -h. Suppose -z + 2 + q = 0. List the prime factors of z.
7
Let q = 7474 + -4852. List the prime factors of q.
2, 3, 19, 23
Suppose 0 = -4*s + 26 - 134. Let j = s + 66. List the prime factors of j.
3, 13
Let h(z) = z**2 - 9*z - 35. Let c be h(15). Suppose 5*i - 160 = c. List the prime factors of i.
43
Let h(j) = 65*j**3 + 7*j**2 - 5*j + 5. Let m(s) = s**3 - s**2 + s - 1. Let b(v) = h(v) + 6*m(v). List the prime factors 